{"id":20763,"date":"2024-04-11T17:59:33","date_gmt":"2024-04-11T14:59:33","guid":{"rendered":"https:\/\/soul2sevenshop.com\/?post_type=product&#038;p=20763"},"modified":"2026-01-19T21:37:24","modified_gmt":"2026-01-19T18:37:24","slug":"cumartesi","status":"publish","type":"product","link":"https:\/\/soul2sevenshop.com\/?product=cumartesi","title":{"rendered":"Cumartesi"},"content":{"rendered":"","protected":false},"excerpt":{"rendered":"<p>Sizin g\u00fcn\u00fcn\u00fcz Cumartesi!<br \/>\nCumartesi kelimesi \u0130ngilizcede &#8220;Saturn&#8217;s day&#8221; yani Sat\u00fcrn&#8217;\u00fcn g\u00fcn\u00fc anlam\u0131na gelir ve &#8220;Saturday&#8221; olarak evrilmi\u015ftir. Sembol\u00fcn\u00fcz filizlenen bir tohum, umudu temsil eder. Yeni ba\u015flang\u0131\u00e7lara ad\u0131m atarken, Sat\u00fcrn daima sizinle olacak. Hayalleriniz ve umutlar\u0131n\u0131z\u0131n g\u00fczel sonu\u00e7larla ta\u00e7lanaca\u011f\u0131na inanabilirsiniz.<\/p>\n<p>(50 ve 60 cm olarak iki boyda kullan\u0131labilir. G\u00f6rselde g\u00f6r\u00fcld\u00fc\u011f\u00fc gibi \u00fcr\u00fcn\u00fcn iki taraf\u0131n\u0131 da kullanabilirsiniz.)<br \/>\n\u00dcr\u00fcn g\u00f6rseldeki anlam kart\u0131yla birlikte g\u00f6nderilecektir.<\/p>\n","protected":false},"featured_media":21625,"comment_status":"open","ping_status":"closed","template":"","meta":{"_eb_attr":""},"product_brand":[],"product_cat":[159,112],"product_tag":[],"class_list":{"0":"post-20763","1":"product","2":"type-product","3":"status-publish","4":"has-post-thumbnail","6":"product_cat-kolye","7":"product_cat-cumartesi","9":"first","10":"instock","11":"taxable","12":"shipping-taxable","13":"purchasable","14":"product-type-variable"},"_links":{"self":[{"href":"https:\/\/soul2sevenshop.com\/index.php?rest_route=\/wp\/v2\/product\/20763","targetHints":{"allow":["GET"]}}],"collection":[{"href":"https:\/\/soul2sevenshop.com\/index.php?rest_route=\/wp\/v2\/product"}],"about":[{"href":"https:\/\/soul2sevenshop.com\/index.php?rest_route=\/wp\/v2\/types\/product"}],"replies":[{"embeddable":true,"href":"https:\/\/soul2sevenshop.com\/index.php?rest_route=%2Fwp%2Fv2%2Fcomments&post=20763"}],"version-history":[{"count":5,"href":"https:\/\/soul2sevenshop.com\/index.php?rest_route=\/wp\/v2\/product\/20763\/revisions"}],"predecessor-version":[{"id":22488,"href":"https:\/\/soul2sevenshop.com\/index.php?rest_route=\/wp\/v2\/product\/20763\/revisions\/22488"}],"wp:featuredmedia":[{"embeddable":true,"href":"https:\/\/soul2sevenshop.com\/index.php?rest_route=\/wp\/v2\/media\/21625"}],"wp:attachment":[{"href":"https:\/\/soul2sevenshop.com\/index.php?rest_route=%2Fwp%2Fv2%2Fmedia&parent=20763"}],"wp:term":[{"taxonomy":"product_brand","embeddable":true,"href":"https:\/\/soul2sevenshop.com\/index.php?rest_route=%2Fwp%2Fv2%2Fproduct_brand&post=20763"},{"taxonomy":"product_cat","embeddable":true,"href":"https:\/\/soul2sevenshop.com\/index.php?rest_route=%2Fwp%2Fv2%2Fproduct_cat&post=20763"},{"taxonomy":"product_tag","embeddable":true,"href":"https:\/\/soul2sevenshop.com\/index.php?rest_route=%2Fwp%2Fv2%2Fproduct_tag&post=20763"}],"curies":[{"name":"wp","href":"https:\/\/api.w.org\/{rel}","templated":true}]}}