{"id":22319,"date":"2025-08-31T23:57:24","date_gmt":"2025-08-31T20:57:24","guid":{"rendered":"https:\/\/soul2sevenshop.com\/?post_type=product&#038;p=22319"},"modified":"2025-09-01T00:41:43","modified_gmt":"2025-08-31T21:41:43","slug":"hope-necklace","status":"publish","type":"product","link":"https:\/\/soul2sevenshop.com\/?product=hope-necklace","title":{"rendered":"Hope Necklace"},"content":{"rendered":"","protected":false},"excerpt":{"rendered":"<p>Hope; minimal formda g\u00fc\u00e7l\u00fc bir mesaj!<br \/>\n925 ayar g\u00fcm\u00fc\u015f \u00fczeri alt\u0131n kaplamad\u0131r. Arkas\u0131nda k\u00fc\u00e7\u00fck yaz\u0131lm\u0131\u015f &#8216;believe&#8217; kelimesi vard\u0131r; \u00e7ift tarafl\u0131 kullan\u0131m i\u00e7in uygundur. Zincir boyu 45+5 cm&#8217;dir.<\/p>\n","protected":false},"featured_media":22294,"comment_status":"open","ping_status":"closed","template":"","meta":{"_eb_attr":""},"product_brand":[],"product_cat":[159,152],"product_tag":[],"class_list":{"0":"post-22319","1":"product","2":"type-product","3":"status-publish","4":"has-post-thumbnail","6":"product_cat-kolye","7":"product_cat-yeni-gelenler","9":"first","10":"instock","11":"taxable","12":"shipping-taxable","13":"purchasable","14":"product-type-simple"},"_links":{"self":[{"href":"https:\/\/soul2sevenshop.com\/index.php?rest_route=\/wp\/v2\/product\/22319","targetHints":{"allow":["GET"]}}],"collection":[{"href":"https:\/\/soul2sevenshop.com\/index.php?rest_route=\/wp\/v2\/product"}],"about":[{"href":"https:\/\/soul2sevenshop.com\/index.php?rest_route=\/wp\/v2\/types\/product"}],"replies":[{"embeddable":true,"href":"https:\/\/soul2sevenshop.com\/index.php?rest_route=%2Fwp%2Fv2%2Fcomments&post=22319"}],"version-history":[{"count":1,"href":"https:\/\/soul2sevenshop.com\/index.php?rest_route=\/wp\/v2\/product\/22319\/revisions"}],"predecessor-version":[{"id":22320,"href":"https:\/\/soul2sevenshop.com\/index.php?rest_route=\/wp\/v2\/product\/22319\/revisions\/22320"}],"wp:featuredmedia":[{"embeddable":true,"href":"https:\/\/soul2sevenshop.com\/index.php?rest_route=\/wp\/v2\/media\/22294"}],"wp:attachment":[{"href":"https:\/\/soul2sevenshop.com\/index.php?rest_route=%2Fwp%2Fv2%2Fmedia&parent=22319"}],"wp:term":[{"taxonomy":"product_brand","embeddable":true,"href":"https:\/\/soul2sevenshop.com\/index.php?rest_route=%2Fwp%2Fv2%2Fproduct_brand&post=22319"},{"taxonomy":"product_cat","embeddable":true,"href":"https:\/\/soul2sevenshop.com\/index.php?rest_route=%2Fwp%2Fv2%2Fproduct_cat&post=22319"},{"taxonomy":"product_tag","embeddable":true,"href":"https:\/\/soul2sevenshop.com\/index.php?rest_route=%2Fwp%2Fv2%2Fproduct_tag&post=22319"}],"curies":[{"name":"wp","href":"https:\/\/api.w.org\/{rel}","templated":true}]}}